43302811 a composite number?
True
Is 1359144823 composite?
True
Is 324330989 composite?
True
Is 13404580169 a prime number?
True
Is 2870564537 a prime number?
True
Is 2266072691 prime?
False
Is 157292159 composite?
True
Is 234298469 composite?
False
Is 11204142337 composite?
True
Is 10467612949 a composite number?
False
Is 47795635826 a composite number?
True
Is 7158561871 composite?
False
Is 2197635511 composite?
True
Is 9400289803 composite?
False
Is 1149973967 a composite number?
True
Is 559491331 composite?
True
Is 65814069461 a prime number?
False
Is 304132663 prime?
True
Is 3126316079 a composite number?
False
Is 4347118333 prime?
True
Is 7183985819 a composite number?
True
Is 230937309979 a prime number?
False
Is 104806969 prime?
True
Is 3201032755 a composite number?
True
Is 1917550307 composite?
False
Is 32246612561 composite?
False
Is 1531576469 composite?
True
Is 4745738929 prime?
True
Is 1308908813 a composite number?
False
Is 757218469 a composite number?
True
Is 861368579 composite?
True
Is 197904401 composite?
True
Is 146323273 a composite number?
True
Is 2165713457 composite?
False
Is 5111944849 composite?
True
Is 49257323107 prime?
False
Is 27836168797 a prime number?
True
Is 12151425331 composite?
False
Is 314329913 a composite number?
False
Is 929574538 prime?
False
Is 122140708193 prime?
False
Is 2005656307 a composite number?
True
Is 26668340731 prime?
False
Is 1882102853 a composite number?
False
Is 885324403 prime?
True
Is 130851293159 prime?
False
Is 3636585973 prime?
True
Is 79592082137 prime?
False
Is 1716493511 prime?
False
Is 124079468473 a composite number?
False
Is 845993285027 a composite number?
True
Is 7086754651 composite?
False
Is 95486054311 prime?
True
Is 147808333 a composite number?
False
Is 397635649 a prime number?
False
Is 3848311597 a prime number?
False
Is 1231365769 a composite number?
True
Is 2724253711 prime?
True
Is 1170691171 a composite number?
True
Is 17824355179 a composite number?
False
Is 59635262301 a prime number?
False
Is 60609463 a prime number?
True
Is 2646579547 a composite number?
True
Is 8283724297 a composite number?
True
Is 419605133 composite?
False
Is 3862857727 prime?
True
Is 16167307877 a composite number?
True
Is 2168907947 a composite number?
False
Is 1182547103 prime?
False
Is 3344436597 composite?
True
Is 6049604903 prime?
False
Is 124898967769 a composite number?
True
Is 1098035963 a composite number?
False
Is 1911164027 a composite number?
True
Is 57307193 a prime number?
True
Is 2027190677 prime?
True
Is 10863113843 composite?
True
Is 1479530201 a composite number?
True
Is 110899248709 a prime number?
False
Is 11661145267 composite?
False
Is 112239947213 a prime number?
False
Is 9107013805 a prime number?
False
Is 69895748327 a prime number?
False
Is 267004721 a composite number?
False
Is 29244957901 a composite number?
False
Is 8676117239 a prime number?
False
Is 643889723 prime?
True
Is 9330696691 a composite number?
False
Is 2301996473 a composite number?
True
Is 1251495871 prime?
False
Is 9310996003 a composite number?
False
Is 1486970167 composite?
True
Is 2553181877 composite?
False
Is 1478685269 prime?
False
Is 7481745367 a composite number?
False
Is 7298279957 prime?
False
Is 534250349 a prime number?
False
Is 14007177577 prime?
True
Is 317675707 prime?
False
Is 4577196707 composite?
False
Is 186821981 composite?
False
Is 70389237071 a composite number?
True
Is 225053419 composite?
False
Is 14214739951 a composite number?
False
Is 65742205 a composite number?
True
Is 2312528035 prime?
False
Is 89356727 composite?
False
Is 16143767371 a prime number?
True
Is 2502773321 a prime number?
False
Is 56358119 a prime number?
False
Is 1019182069 prime?
True
Is 789889619 a prime number?
True
Is 18885481 prime?
False
Is 6103215133 a prime number?
False
Is 1360770043 prime?
False
Is 902597191 prime?
False
Is 802242061 prime?
False
Is 55077352157 prime?
True
Is 8706618773 a prime number?
False
Is 76540955 a prime number?
False
Is 7132872119 a prime number?
False
Is 11421586157 a prime number?
True
Is 8108466913 a composite number?
False
Is 122390305357 a prime number?
True
Is 1127049211 composite?
True
Is 88662360617 a composite number?
True
Is 499477159 a composite number?
False
Is 2816319817 composite?
True
Is 1433293349 a composite number?
True
Is 31535787863 composite?
False
Is 367608491 prime?
True
Is 6422449871 composite?
False
Is 109507 prime?
True
Is 9361160743 a prime number?
False
Is 4054295681 a prime number?
False
Is 3562003871 composite?
True
Is 474561667 a prime number?
False
Is 27892531 a composite number?
True
Is 1242423373 a composite number?
False
Is 9128055349 a prime number?
False
Is 7550707033 a prime number?
False
Is 1676742281 a prime number?
False
Is 141536251 prime?
False
Is 8734676513 a composite number?
False
Is 8681980813 a prime number?
False
Is 106468278497 a composite number?
True
Is 25516710647 prime?
True
Is 322749127 a composite number?
False
Is 64011844129 a composite number?
False
Is 1060080127 prime?
True
Is 71797976599 a prime number?
True
Is 47355734147 a prime number?
True
Is 1551844351 a prime number?
True
Is 22443127103 a prime number?
True
Is 69426587429 a composite number?
False
Is 6441355007 a prime number?
True
Is 2103129173 composite?
True
Is 601637241599 a composite number?
False
Is 85166706133 a prime number?
True
Is 2079008363 a composite number?
False
Is 8157369781 composite?
True
Is 13653461231 composite?
False
Is 49302814049 composite?
True
Is 1782456407 a composite number?
True
Is 4439730509 a composite number?
False
Is 88835419 a prime number?
True
Is 84808383953 a composite number?
False
Is 1020291691 a prime number?
True
Is 62867441071 a composite number?
True
Is 11566865693 a prime number?
False
Is 4478040863 prime?
True
Is 2506171771 a composite number?
False
Is 258605537 prime?
False
Is 657646141 prime?
True
Is 431517731 a composite number?
False
Is 3849233711 a prime number?
False
Is 34761880289 a composite number?
False
Is 9104237303 composite?
True
Is 16274330077 a composite number?
True
Is 1523231701 prime?
True
Is 107543897 composite?
True
Is 6127858173 composite?
True
Is 3793285051 a composite number?
True
Is 102675228053 composite?
False
Is 2988518279 prime?
False
Is 8472311 prime?
False
Is 62488810513 a prime number?
True
Is 5888861123 composite?
True
Is 57834138419 a composite number?
False
Is 31256783 prime?
True
Is 21410655881 composite?
False
Is 43136382271 composite?
True
Is 7734232039 composite?
True
Is 585697867 a composite number?
False
Is 227588813 prime?
False
Is 3023299481 a prime number?
True
Is 17972697451 composite?
True
Is 25784108683 composite?
False
Is 37253968307 prime?
True
Is 2906502959 prime?
True
Is 2489970859 composite?
True
Is 4379605913 a prime number?
True
Is 2003102713 a composite number?
True
Is 6497203 composite?
False
Is 33925038761 a composite number?
True
Is 5998716521 a prime number?
False
Is 3394843459 composite?
True
Is 17069023637 a composite number?
False
Is 560692123 a composite number?
False
Is 197862361 a prime number?
True
Is 738546959 a composite number?
True
Is 1547745223 a prime number?
False
Is 82396547 a prime number?
False
Is 9100777513 a composite number?
True
Is 891856223 a prime number?
False
Is 56995843493 a prime number?
True
Is 292780993 prime?
True
Is 1973232397 a composite number?
False
Is 79150969 composite?
True
Is 230431219 composite?
True
Is 2156535037 a composite number?
False
Is 3766199981 composite?
True
Is 226573133 a composite number?
False
Is 7463087651 prime?
False
Is 11728938049 a prime number?
False
Is 11378261809 a prime number?
False
Is 933084403 composite?
True
Is 292151393 prime?
True
Is 170918209303 a composite number?
False
Is 3924178217 prime?
False
Is 1875014723 prime?
False
Is 1682234443 a composite number?
False
Is 7718457623 prime?
False
Is 2476023717 a prime number?
False
Is 62398031021 prime?
False
Is 1680490061 a prime number?
True
Is 1694921707 a prime number?
True
Is 2015920807 a prime number?
False
Is 810382277 a composite number?
False
Is 17304683041 a composite number?
True
Is 66689722051 composite?
True
Is 2236837969 a prime number?
False
Is 1407988273 a composite number?
True
Is 3000419671 prime?
True
Is 33251900477